6 and 126.
14
Calculate the highest common divisor of 12026 and 42.
14
Calculate the greatest common divisor of 10 and 130.
10
Calculate the highest common factor of 448 and 24.
8
What is the greatest common divisor of 1224 and 9486?
306
What is the highest common divisor of 84 and 13980?
12
Calculate the highest common factor of 384 and 24.
24
Calculate the greatest common factor of 5427 and 63.
9
What is the highest common divisor of 138 and 78?
6
Calculate the highest common divisor of 312 and 39.
39
What is the greatest common factor of 14444 and 276?
92
What is the highest common factor of 124 and 4?
4
Calculate the highest common factor of 236 and 1534.
118
What is the greatest common divisor of 15 and 35?
5
What is the greatest common factor of 70 and 140?
70
Calculate the greatest common divisor of 702 and 52.
26
What is the highest common factor of 2 and 98?
2
Calculate the highest common factor of 3531 and 33.
33
What is the greatest common divisor of 2682 and 6?
6
Calculate the greatest common factor of 1680 and 315.
105
What is the greatest common factor of 302 and 22046?
302
Calculate the highest common factor of 14 and 2058.
14
Calculate the highest common divisor of 516 and 11524.
172
Calculate the highest common divisor of 1005 and 45.
15
Calculate the highest common divisor of 19279 and 13.
13
Calculate the highest common factor of 12 and 204.
12
Calculate the greatest common factor of 17040 and 60.
60
What is the greatest common divisor of 216 and 108?
108
Calculate the highest common factor of 2180 and 10.
10
What is the highest common factor of 275 and 25?
25
What is the greatest common divisor of 15469 and 31?
31
Calculate the highest common divisor of 11 and 2.
1
Calculate the greatest common factor of 33 and 6.
3
What is the greatest common divisor of 42 and 1064?
14
Calculate the highest common factor of 2653 and 7.
7
What is the greatest common divisor of 621 and 345?
69
What is the greatest common factor of 352 and 11?
11
What is the greatest common factor of 63 and 2121?
21
Calculate the greatest common divisor of 2863 and 7.
7
Calculate the greatest common factor of 24986 and 26.
26
Calculate the greatest common divisor of 70 and 21.
7
What is the highest common factor of 748 and 44?
44
Calculate the highest common factor of 1298 and 154.
22
What is the highest common factor of 140 and 8?
4
What is the greatest common factor of 1430 and 2?
2
What is the greatest common factor of 5 and 13565?
5
What is the highest common factor of 1580 and 80?
20
What is the highest common factor of 96 and 368?
16
Calculate the greatest common divisor of 78 and 9438.
78
Calculate the highest common divisor of 476 and 2548.
28
Calculate the highest common factor of 234 and 120.
6
Calculate the highest common divisor of 9 and 41967.
9
What is the highest common factor of 146 and 2482?
146
Calculate the highest common factor of 13616 and 368.
368
Calculate the greatest common divisor of 22936 and 1504.
376
Calculate the greatest common divisor of 68 and 3502.
34
What is the greatest common divisor of 7784 and 504?
56
What is the greatest common divisor of 12 and 4596?
12
Calculate the greatest common divisor of 403 and 520.
13
What is the greatest common factor of 2245 and 30?
5
Calculate the highest common divisor of 15 and 12165.
15
Calculate the highest common divisor of 22 and 3058.
22
Calculate the greatest common divisor of 5364 and 1008.
36
Calculate the highest common factor of 161 and 56.
7
What is the highest common factor of 47 and 1175?
47
Calculate the highest common divisor of 20 and 265.
5
Calculate the greatest common divisor of 1392 and 5046.
174
What is the greatest common factor of 380 and 13490?
190
What is the greatest common factor of 20 and 145?
5
Calculate the greatest common divisor of 712 and 16.
8
Calculate the highest common divisor of 44 and 2248.
4
Calculate the greatest common factor of 61 and 5917.
61
What is the greatest common factor of 13 and 1?
1
What is the greatest common factor of 64 and 1536?
64
Calculate the highest common divisor of 500 and 50.
50
Calculate the highest common factor of 184 and 696.
8
Calculate the highest common divisor of 15223 and 52.
13
Calculate the highest common factor of 1722 and 369.
123
What is the highest common divisor of 23 and 851?
23
What is the highest common factor of 34 and 34255?
17
What is the greatest common divisor of 156 and 24?
12
Calculate the highest common divisor of 201 and 4891.
67
What is the greatest common divisor of 264 and 825?
33
Calculate the highest common divisor of 44 and 11.
11
Calculate the greatest common factor of 801 and 72.
9
What is the highest common factor of 3 and 633?
3
What is the highest common divisor of 2093 and 364?
91
What is the highest common factor of 124 and 62?
62
What is the greatest common factor of 68 and 1734?
34
What is the highest common factor of 5068 and 8?
4
Calculate the highest common factor of 65 and 1465.
5
What is the greatest common divisor of 192 and 48?
48
What is the greatest common divisor of 273 and 364?
91
What is the greatest common factor of 21 and 399?
21
What is the highest common factor of 12 and 76?
4
Calculate the greatest common factor of 170 and 30.
10
What is the greatest common factor of 23 and 12443?
23
Calculate the highest common factor of 39372 and 612.
204
What is the highest common factor of 17 and 1003?
17
What is the highest common factor of 1116 and 108?
36
What is the highest common divisor of 782 and 51?
17
Calculate the highest common factor of 261 and 36.
9
Calculate the highest common divisor of 61 and 4.
1
Calculate the highest common factor of 1210 and 12826.
242
What is the highest common divisor of 192 and 300?
12
What is the greatest common divisor of 180 and 180?
180
Calculate the greatest common divisor of 22590 and 360.
90
What is the greatest common divisor of 35 and 49?
7
What is the greatest common factor of 12 and 44?
4
What is the greatest common divisor of 348 and 204?
12
What is the greatest common divisor of 58 and 48778?
58
What is the highest common factor of 190 and 10?
10
What is the greatest common factor of 19596 and 60?
12
Calculate the greatest common divisor of 296 and 1147.
37
Calculate the greatest common divisor of 430 and 620.
10
What is the highest common factor of 153 and 969?
51
Calculate the greatest common factor of 96 and 17448.
24
What is the highest common divisor of 1258 and 238?
34
Calculate the greatest common divisor of 112 and 880.
16
What is the greatest common divisor of 93 and 93?
93
Calculate the greatest common factor of 50 and 30.
10
What is the greatest common divisor of 23 and 28267?
23
What is the greatest common divisor of 2296 and 112?
56
Calculate the greatest common divisor of 3096 and 54.
18
Calculate the greatest common divisor of 333 and 3145.
37
Calculate the highest common factor of 85 and 221.
17
Calculate the highest common divisor of 352 and 64.
32
What is the greatest common factor of 1628 and 44?
44
What is the greatest common divisor of 51 and 2686?
17
What is the highest common divisor of 2332 and 132?
44
Calculate the highest common divisor of 66 and 5709.
33
Calculate the highest common divisor of 170 and 5270.
170
Calculate the highest common divisor of 15 and 7965.
15
Calculate the highest common divisor of 128 and 628.
4
What is the highest common factor of 14 and 71?
1
What is the greatest common factor of 322 and 138?
46
Calculate the highest common factor of 784 and 49.
49
What is the highest common factor of 185 and 80?
5
What is the highest common factor of 335 and 385?
5
Calculate the highest common divisor of 513 and 567.
27
What is the greatest common factor of 1965 and 30?
15
What is the greatest common factor of 38 and 133?
19
Calculate the greatest common divisor of 312 and 676.
52
What is the highest common factor of 1224 and 16?
8
What is the greatest common divisor of 8820 and 1800?
180
Calculate the greatest common divisor of 106 and 13833.
53
Calculate the greatest common factor of 111 and 28527.
111
What is the highest common divisor of 26 and 40?
2
What is the greatest common factor of 183 and 427?
61
What is the greatest common factor of 1094 and 2?
2
Calculate the highest common 